{"id":6740,"date":"2021-12-14T20:27:56","date_gmt":"2021-12-14T20:27:56","guid":{"rendered":"https:\/\/jardininfantilpenequita.cl\/?page_id=6740"},"modified":"2025-07-07T16:12:40","modified_gmt":"2025-07-07T16:12:40","slug":"admision","status":"publish","type":"page","link":"https:\/\/jardininfantilpenequita.cl\/?page_id=6740","title":{"rendered":"ADMISI\u00d3N"},"content":{"rendered":"\t\t<div data-elementor-type=\"wp-page\" data-elementor-id=\"6740\" class=\"elementor elementor-6740\" data-elementor-settings=\"[]\">\n\t\t\t\t\t\t<div class=\"elementor-inner\">\n\t\t\t\t\t\t\t<div class=\"elementor-section-wrap\">\n\t\t\t\t\t\t\t<section class=\"elementor-section elementor-top-section elementor-element elementor-element-5f07c0a elementor-section-boxed elementor-section-height-default elementor-section-height-default\" data-id=\"5f07c0a\" data-element_type=\"section\">\n\t\t\t\t\t\t<div class=\"elementor-container elementor-column-gap-default\">\n\t\t\t\t\t\t\t<div class=\"elementor-row\">\n\t\t\t\t\t<div class=\"elementor-column elementor-col-100 elementor-top-column elementor-element elementor-element-5251211\" data-id=\"5251211\" data-element_type=\"column\">\n\t\t\t<div class=\"elementor-column-wrap elementor-element-populated\">\n\t\t\t\t\t\t\t<div class=\"elementor-widget-wrap\">\n\t\t\t\t\t\t<div class=\"elementor-element elementor-element-af32c34 elementor-widget elementor-widget-wp-widget-text\" data-id=\"af32c34\" data-element_type=\"widget\" data-widget_type=\"wp-widget-text.default\">\n\t\t\t\t<div class=\"elementor-widget-container\">\n\t\t\t\t\t\t<div class=\"textwidget\"><div><strong>Estimada comunidad.<\/strong><\/div>\n<div><strong>Les informamos que tenemos cupos disponibles para prek\u00ednder y k\u00ednder gratuito (extensi\u00f3n horaria para estos dos niveles con un valor mensual), y en nuestra nueva modalidad de play group, para ni\u00f1os y ni\u00f1as desde los 2 a\u00f1os, medio menor y medio mayor (consulte por el valor de las mensualidades)<\/strong><\/div>\n<div><strong> \u00a1No te quedes fuera de la entretenci\u00f3n y ven a ser parte de nuestro jard\u00edn!<\/strong><\/div>\n<div><\/div>\n<div><strong>Cualquier duda y consulta puede hacerlas a trav\u00e9s de nuestro<\/strong><\/div>\n<div><strong> Fono 642-318084, WhatsApp +<wbr \/>56979906820 correo:\u00a0<a href=\"mailto:penequita@gmail.com\" target=\"_blank\" rel=\"noopener\">penequita@gmail.com<\/a>\u00a0<\/strong><\/div>\n<div><strong>Tambi\u00e9n directamente en nuestro jard\u00edn, estamos ubicados en calle chillan N\u00ba746, Rahue bajo<\/strong><\/div>\n<div><\/div>\n<div><\/div>\n<\/div>\n\t\t\t\t<\/div>\n\t\t\t\t<\/div>\n\t\t\t\t\t\t<\/div>\n\t\t\t\t\t<\/div>\n\t\t<\/div>\n\t\t\t\t\t\t\t\t<\/div>\n\t\t\t\t\t<\/div>\n\t\t<\/section>\n\t\t\t\t<section class=\"elementor-section elementor-top-section elementor-element elementor-element-8024892 elementor-section-boxed elementor-section-height-default elementor-section-height-default\" data-id=\"8024892\" data-element_type=\"section\">\n\t\t\t\t\t\t<div class=\"elementor-container elementor-column-gap-default\">\n\t\t\t\t\t\t\t<div class=\"elementor-row\">\n\t\t\t\t\t<div class=\"elementor-column elementor-col-100 elementor-top-column elementor-element elementor-element-464b625\" data-id=\"464b625\" data-element_type=\"column\">\n\t\t\t<div class=\"elementor-column-wrap elementor-element-populated\">\n\t\t\t\t\t\t\t<div class=\"elementor-widget-wrap\">\n\t\t\t\t\t\t<div class=\"elementor-element elementor-element-8fa1769 elementor-button-danger elementor-widget elementor-widget-button\" data-id=\"8fa1769\" data-element_type=\"widget\" data-widget_type=\"button.default\">\n\t\t\t\t<div class=\"elementor-widget-container\">\n\t\t\t\t\t<div class=\"elementor-button-wrapper\">\n\t\t\t<a href=\"https:\/\/jardininfantilpenequita.cl\/wp-content\/uploads\/2025\/07\/FORMATO-MATRICULA.docx\" class=\"elementor-button-link elementor-button elementor-size-sm\" role=\"button\">\n\t\t\t\t\t\t<span class=\"elementor-button-content-wrapper\">\n\t\t\t\t\t\t<span class=\"elementor-button-icon elementor-align-icon-left\">\n\t\t\t\t<i aria-hidden=\"true\" class=\"far fa-arrow-alt-circle-down\"><\/i>\t\t\t<\/span>\n\t\t\t\t\t\t<span class=\"elementor-button-text\">Descargar formulario de matr\u00edcula aqu\u00ed...<\/span>\n\t\t<\/span>\n\t\t\t\t\t<\/a>\n\t\t<\/div>\n\t\t\t\t<\/div>\n\t\t\t\t<\/div>\n\t\t\t\t\t\t<\/div>\n\t\t\t\t\t<\/div>\n\t\t<\/div>\n\t\t\t\t\t\t\t\t<\/div>\n\t\t\t\t\t<\/div>\n\t\t<\/section>\n\t\t\t\t<section class=\"elementor-section elementor-top-section elementor-element elementor-element-79bf631 elementor-section-boxed elementor-section-height-default elementor-section-height-default\" data-id=\"79bf631\" data-element_type=\"section\">\n\t\t\t\t\t\t<div class=\"elementor-container elementor-column-gap-default\">\n\t\t\t\t\t\t\t<div class=\"elementor-row\">\n\t\t\t\t\t<div class=\"elementor-column elementor-col-100 elementor-top-column elementor-element elementor-element-2de6272\" data-id=\"2de6272\" data-element_type=\"column\">\n\t\t\t<div class=\"elementor-column-wrap elementor-element-populated\">\n\t\t\t\t\t\t\t<div class=\"elementor-widget-wrap\">\n\t\t\t\t\t\t<div class=\"elementor-element elementor-element-e13b436 elementor-widget elementor-widget-image\" data-id=\"e13b436\" data-element_type=\"widget\" data-widget_type=\"image.default\">\n\t\t\t\t<div class=\"elementor-widget-container\">\n\t\t\t\t\t\t\t\t<div class=\"elementor-image\">\n\t\t\t\t\t\t\t\t\t<figure class=\"wp-caption\">\n\t\t\t\t\t\t\t\t\t\t<img loading=\"lazy\" decoding=\"async\" width=\"1728\" height=\"2304\" src=\"https:\/\/jardininfantilpenequita.cl\/wp-content\/uploads\/2021\/12\/admision.png\" class=\"attachment-full size-full\" alt=\"\" srcset=\"https:\/\/jardininfantilpenequita.cl\/wp-content\/uploads\/2021\/12\/admision.png 1728w, https:\/\/jardininfantilpenequita.cl\/wp-content\/uploads\/2021\/12\/admision-768x1024.png 768w, https:\/\/jardininfantilpenequita.cl\/wp-content\/uploads\/2021\/12\/admision-100x133.png 100w, https:\/\/jardininfantilpenequita.cl\/wp-content\/uploads\/2021\/12\/admision-230x306.png 230w, https:\/\/jardininfantilpenequita.cl\/wp-content\/uploads\/2021\/12\/admision-600x800.png 600w\" sizes=\"auto, (max-width: 1728px) 100vw, 1728px\" \/>\t\t\t\t\t\t\t\t\t\t\t<figcaption class=\"widget-image-caption wp-caption-text\"><\/figcaption>\n\t\t\t\t\t\t\t\t\t\t<\/figure>\n\t\t\t\t\t\t\t\t<\/div>\n\t\t\t\t\t\t<\/div>\n\t\t\t\t<\/div>\n\t\t\t\t\t\t<\/div>\n\t\t\t\t\t<\/div>\n\t\t<\/div>\n\t\t\t\t\t\t\t\t<\/div>\n\t\t\t\t\t<\/div>\n\t\t<\/section>\n\t\t\t\t\t\t<\/div>\n\t\t\t\t\t\t<\/div>\n\t\t\t\t\t<\/div>\n\t\t","protected":false},"excerpt":{"rendered":"<p>Descargar formulario de matr\u00edcula aqu\u00ed&#8230;<\/p>\n","protected":false},"author":1,"featured_media":6741,"parent":0,"menu_order":0,"comment_status":"closed","ping_status":"closed","template":"","meta":{"footnotes":""},"class_list":["post-6740","page","type-page","status-publish","has-post-thumbnail","hentry"],"_links":{"self":[{"href":"https:\/\/jardininfantilpenequita.cl\/index.php?rest_route=\/wp\/v2\/pages\/6740","targetHints":{"allow":["GET"]}}],"collection":[{"href":"https:\/\/jardininfantilpenequita.cl\/index.php?rest_route=\/wp\/v2\/pages"}],"about":[{"href":"https:\/\/jardininfantilpenequita.cl\/index.php?rest_route=\/wp\/v2\/types\/page"}],"author":[{"embeddable":true,"href":"https:\/\/jardininfantilpenequita.cl\/index.php?rest_route=\/wp\/v2\/users\/1"}],"replies":[{"embeddable":true,"href":"https:\/\/jardininfantilpenequita.cl\/index.php?rest_route=%2Fwp%2Fv2%2Fcomments&post=6740"}],"version-history":[{"count":25,"href":"https:\/\/jardininfantilpenequita.cl\/index.php?rest_route=\/wp\/v2\/pages\/6740\/revisions"}],"predecessor-version":[{"id":7563,"href":"https:\/\/jardininfantilpenequita.cl\/index.php?rest_route=\/wp\/v2\/pages\/6740\/revisions\/7563"}],"wp:featuredmedia":[{"embeddable":true,"href":"https:\/\/jardininfantilpenequita.cl\/index.php?rest_route=\/wp\/v2\/media\/6741"}],"wp:attachment":[{"href":"https:\/\/jardininfantilpenequita.cl\/index.php?rest_route=%2Fwp%2Fv2%2Fmedia&parent=6740"}],"curies":[{"name":"wp","href":"https:\/\/api.w.org\/{rel}","templated":true}]}}