{"id":6515,"date":"2021-08-08T23:18:38","date_gmt":"2021-08-08T23:18:38","guid":{"rendered":"https:\/\/jardininfantilpenequita.cl\/?page_id=6515"},"modified":"2021-08-27T01:52:47","modified_gmt":"2021-08-27T01:52:47","slug":"quienes-somos","status":"publish","type":"page","link":"https:\/\/jardininfantilpenequita.cl\/?page_id=6515","title":{"rendered":"Quienes Somos"},"content":{"rendered":"\n<p><strong>Nuestra Historia<\/strong><\/p>\n\n\n\n<p>El jard\u00edn infantil es una instituci\u00f3n que se inicia en 1980, bajo el alero de la Sra. Guillermina Jones, profesora Normalista. En sus comienzos tiene 3 niveles combinados los cuales eran: nivel medio mayor, pre k\u00ednder y k\u00ednder.<br>En el a\u00f1o 1982 comienza a trabajar la Sra. Mar\u00eda Isabel Loaiza como Educadora de P\u00e1rvulos a cargo de estos mismos niveles. Dos a\u00f1os m\u00e1s tarde se le traspasa el funcionamiento del establecimiento el que posteriormente es reconocido por el Ministerio de Educaci\u00f3n. A\u00f1o a a\u00f1o empieza a crecer no solo en diferentes niveles sino que tambi\u00e9n en infraestructura. El nombre de la instituci\u00f3n se debe a la revista Peneca que en sus a\u00f1os deleit\u00f3 a ni\u00f1os y ni\u00f1as de aquella \u00e9poca.<br>En la actualidad es una instituci\u00f3n bastante conocida y reconocida en y por la comunidad, cuenta con nivel medio mayor y menor; primer y segundo nivel transici\u00f3n entregando educaci\u00f3n en jornadas de ma\u00f1ana y tarde. El personal lo componen, una coordinadora en gesti\u00f3n curricular la Sra. Ana Mar\u00eda Silva, dos educadoras de p\u00e1rvulos y 4 T\u00e9cnicos en educaci\u00f3n Parvularia.<\/p>\n\n\n\n<p><strong>Misi\u00f3n:<\/strong><\/p>\n\n\n\n<p>La Corporaci\u00f3n educacional \u201cPenequita\u201d tiene como misi\u00f3n entregar una educaci\u00f3n pertinente, adaptable al cambio, promoviendo el desarrollo integral del ni\u00f1o y ni\u00f1a y la participaci\u00f3n de la familia adecu\u00e1ndose a los tiempos y contexto en que nos encontramos. Desarrollando en los p\u00e1rvulos potencialidades y habilidades; prepar\u00e1ndolos para la inserci\u00f3n escolar.<\/p>\n\n\n\n<p><strong>Visi\u00f3n:<\/strong><\/p>\n\n\n\n<p>&nbsp;Promover una Educaci\u00f3n integral con participaci\u00f3n de la familia. Formar un ni\u00f1o y una ni\u00f1a aut\u00f3nomo (a), creativo (a), responsable, social, con valores, que desarrolle destrezas y habilidades de acuerdo a sus fortalezas y pertenencia cultural, privilegiando un clima de seguridad, tanto f\u00edsico como emocional.<\/p>\n","protected":false},"excerpt":{"rendered":"<p>Nuestra Historia El jard\u00edn infantil es una instituci\u00f3n que se inicia en 1980, bajo el alero de la Sra. Guillermina Jones, profesora Normalista. En sus comienzos tiene 3 niveles combinados los cuales eran: nivel medio mayor, pre k\u00ednder y k\u00ednder.En el a\u00f1o 1982 comienza a trabajar la Sra. Mar\u00eda Isabel Loaiza como Educadora de P\u00e1rvulos a cargo de estos mismos niveles. Dos a\u00f1os m\u00e1s tarde se le traspasa el funcionamiento del establecimiento el que posteriormente es reconocido por el Ministerio de Educaci\u00f3n. A\u00f1o a a\u00f1o empieza a crecer no solo en diferentes niveles sino que tambi\u00e9n en infraestructura. El nombre de la instituci\u00f3n se debe a la revista Peneca que en sus a\u00f1os deleit\u00f3 a ni\u00f1os y ni\u00f1as de aquella \u00e9poca.En la actualidad es una instituci\u00f3n bastante conocida y reconocida en y por la comunidad, cuenta con nivel medio mayor y menor; primer y segundo nivel transici\u00f3n entregando educaci\u00f3n en jornadas de ma\u00f1ana y tarde. El personal lo componen, una coordinadora en gesti\u00f3n curricular la Sra. Ana Mar\u00eda Silva, dos educadoras de p\u00e1rvulos y 4 T\u00e9cnicos en educaci\u00f3n Parvularia. Misi\u00f3n: La Corporaci\u00f3n educacional \u201cPenequita\u201d tiene como misi\u00f3n entregar una educaci\u00f3n pertinente, adaptable al cambio, promoviendo el desarrollo integral del ni\u00f1o y ni\u00f1a y la participaci\u00f3n de la familia adecu\u00e1ndose a los tiempos y contexto en que nos encontramos. Desarrollando en los p\u00e1rvulos potencialidades y habilidades; prepar\u00e1ndolos para la inserci\u00f3n escolar. Visi\u00f3n: &nbsp;Promover una Educaci\u00f3n integral con participaci\u00f3n de la familia. Formar un ni\u00f1o y una ni\u00f1a aut\u00f3nomo (a), creativo (a), responsable, social, con valores, que desarrolle destrezas y habilidades de acuerdo a sus fortalezas y pertenencia cultural, privilegiando un clima de seguridad, tanto f\u00edsico como emocional.<\/p>\n","protected":false},"author":1,"featured_media":0,"parent":0,"menu_order":0,"comment_status":"closed","ping_status":"closed","template":"","meta":{"footnotes":""},"class_list":["post-6515","page","type-page","status-publish","hentry"],"_links":{"self":[{"href":"https:\/\/jardininfantilpenequita.cl\/index.php?rest_route=\/wp\/v2\/pages\/6515","targetHints":{"allow":["GET"]}}],"collection":[{"href":"https:\/\/jardininfantilpenequita.cl\/index.php?rest_route=\/wp\/v2\/pages"}],"about":[{"href":"https:\/\/jardininfantilpenequita.cl\/index.php?rest_route=\/wp\/v2\/types\/page"}],"author":[{"embeddable":true,"href":"https:\/\/jardininfantilpenequita.cl\/index.php?rest_route=\/wp\/v2\/users\/1"}],"replies":[{"embeddable":true,"href":"https:\/\/jardininfantilpenequita.cl\/index.php?rest_route=%2Fwp%2Fv2%2Fcomments&post=6515"}],"version-history":[{"count":3,"href":"https:\/\/jardininfantilpenequita.cl\/index.php?rest_route=\/wp\/v2\/pages\/6515\/revisions"}],"predecessor-version":[{"id":6673,"href":"https:\/\/jardininfantilpenequita.cl\/index.php?rest_route=\/wp\/v2\/pages\/6515\/revisions\/6673"}],"wp:attachment":[{"href":"https:\/\/jardininfantilpenequita.cl\/index.php?rest_route=%2Fwp%2Fv2%2Fmedia&parent=6515"}],"curies":[{"name":"wp","href":"https:\/\/api.w.org\/{rel}","templated":true}]}}

<p><strong>Nuestra Historia</strong></p>



<p>El jardín infantil es una institución que se inicia en 1980, bajo el alero de la Sra. Guillermina Jones, profesora Normalista. En sus comienzos tiene 3 niveles combinados los cuales eran: nivel medio mayor, pre kínder y kínder.<br>En el año 1982 comienza a trabajar la Sra. María Isabel Loaiza como Educadora de Párvulos a cargo de estos mismos niveles. Dos años más tarde se le traspasa el funcionamiento del establecimiento el que posteriormente es reconocido por el Ministerio de Educación. Año a año empieza a crecer no solo en diferentes niveles sino que también en infraestructura. El nombre de la institución se debe a la revista Peneca que en sus años deleitó a niños y niñas de aquella época.<br>En la actualidad es una institución bastante conocida y reconocida en y por la comunidad, cuenta con nivel medio mayor y menor; primer y segundo nivel transición entregando educación en jornadas de mañana y tarde. El personal lo componen, una coordinadora en gestión curricular la Sra. Ana María Silva, dos educadoras de párvulos y 4 Técnicos en educación Parvularia.</p>



<p><strong>Misión:</strong></p>



<p>La Corporación educacional “Penequita” tiene como misión entregar una educación pertinente, adaptable al cambio, promoviendo el desarrollo integral del niño y niña y la participación de la familia adecuándose a los tiempos y contexto en que nos encontramos. Desarrollando en los párvulos potencialidades y habilidades; preparándolos para la inserción escolar.</p>



<p><strong>Visión:</strong></p>



<p>&nbsp;Promover una Educación integral con participación de la familia. Formar un niño y una niña autónomo (a), creativo (a), responsable, social, con valores, que desarrolle destrezas y habilidades de acuerdo a sus fortalezas y pertenencia cultural, privilegiando un clima de seguridad, tanto físico como emocional.</p>

<p>Nuestra Historia El jardín infantil es una institución que se inicia en 1980, bajo el alero de la Sra. Guillermina Jones, profesora Normalista. En sus comienzos tiene 3 niveles combinados los cuales eran: nivel medio mayor, pre kínder y kínder.En el año 1982 comienza a trabajar la Sra. María Isabel Loaiza como Educadora de Párvulos a cargo de estos mismos niveles. Dos años más tarde se le traspasa el funcionamiento del establecimiento el que posteriormente es reconocido por el Ministerio de Educación. Año a año empieza a crecer no solo en diferentes niveles sino que también en infraestructura. El nombre de la institución se debe a la revista Peneca que en sus años deleitó a niños y niñas de aquella época.En la actualidad es una institución bastante conocida y reconocida en y por la comunidad, cuenta con nivel medio mayor y menor; primer y segundo nivel transición entregando educación en jornadas de mañana y tarde. El personal lo componen, una coordinadora en gestión curricular la Sra. Ana María Silva, dos educadoras de párvulos y 4 Técnicos en educación Parvularia. Misión: La Corporación educacional “Penequita” tiene como misión entregar una educación pertinente, adaptable al cambio, promoviendo el desarrollo integral del niño y niña y la participación de la familia adecuándose a los tiempos y contexto en que nos encontramos. Desarrollando en los párvulos potencialidades y habilidades; preparándolos para la inserción escolar. Visión: &nbsp;Promover una Educación integral con participación de la familia. Formar un niño y una niña autónomo (a), creativo (a), responsable, social, con valores, que desarrolle destrezas y habilidades de acuerdo a sus fortalezas y pertenencia cultural, privilegiando un clima de seguridad, tanto físico como emocional.</p>
